o be 3/11 + 3380/110. What is the greatest common factor of o and i?
31
Let j(c) = c**3 + 14*c**2 + 95*c + 1342. Let p be j(-14). Calculate the highest common divisor of 4548 and p.
12
Let g be 66*-8 - (4 - (13 - 10)). Let a = g + 550. Calculate the greatest common factor of 27 and a.
3
Let o = -343 + 123. Let r = o + 280. What is the greatest common divisor of 40 and r?
20
Suppose -7*f - 104 = -272. Suppose f*w - 23*w = 5. What is the highest common factor of w and 5?
5
Let b(r) = 2*r**2 + 129*r - 765. Let k be b(-70). Calculate the highest common divisor of 2180 and k.
5
Suppose -21*o = -24*o + 15. Suppose -o*r = 2*p - 33 - 51, -4 = -r. What is the highest common divisor of p and 48?
16
Suppose 0 = h + 5*y - 19, -3*h + y = -y - 74. Let n = 68 - h. Let k be 1/(-3 - -2) - -12. Calculate the greatest common divisor of n and k.
11
Let a(n) = -322*n**3 - 13*n - 15. Let v be a(-1). Suppose -13 = -4*w + 27. What is the greatest common factor of w and v?
10
Suppose 0 = 39*u + 4*u - 12728. Calculate the greatest common divisor of 259 and u.
37
Let n be (-5)/((-6 + 4/((-168)/(-250)))*1). What is the greatest common factor of 259 and n?
7
Suppose -g - 5*f + 24 = 0, -3*f = -6*g + 2*g + 50. Suppose 0 = -5*b - 2*i + 4*i + 5528, 43*i - 3 = 40*i. What is the greatest common divisor of g and b?
14
Suppose -2*k + 5*z + 93 = 0, -5*k + z - 219 = -9*k. Let x = 159 - 297. Let r be 1078/5 - (-5 + x/(-30)). What is the highest common factor of k and r?
54
Let v(l) = 4*l**2 - 6*l - 7. Let s be ((-24)/(-21))/(18/63). Let j be v(s). What is the highest common divisor of 165 and j?
33
Let c be ((-11)/3 - -1)*45/(-10). Suppose 0 = k - 5*b - 8, -4*b + c = 4. Calculate the greatest common divisor of 288 and k.
18
Suppose 4*q - 8*q = -5*y + 692, -4*y - 3*q = -597. Calculate the highest common factor of y and 126.
18
Let z(x) = -10*x**3 - 196*x**2 + 12*x + 98. Let w be z(-20). Calculate the highest common factor of w and 810.
162
Suppose 2*r = -5*t - 3*r + 330, 5*t - 2*r = 316. What is the highest common divisor of t and 1312?
32
Let u(h) = -h**2 - 81*h - 1086. Let m be u(-24). What is the greatest common factor of 705 and m?
141
Suppose -107*r - 11450 = -336*r. Suppose 46 + 24 = 3*i - 4*q, 2*i - 4*q - 40 = 0. What is the greatest common factor of i and r?
10
Let g be 1/(-6*(-4)/1584 + 0). What is the highest common factor of 42 and g?
6
Suppose 24*x - 338 - 22 = 0. Calculate the greatest common factor of 41 and x.
1
Suppose 7*o - 12*o - 672 = -r, -r - o = -702. Calculate the greatest common factor of 164 and r.
41
Suppose 2958*l - 2947*l = 28743. Calculate the highest common divisor of 78 and l.
39
Suppose d + 24 = 27. Let w be -9 + 152 + 0 + 2 + -10. What is the greatest common divisor of w and d?
3
Suppose -h - 875 = 4*b, -3*b + 2*h = 913 - 265. Let u = 335 + b. What is the greatest common factor of 26 and u?
13
Let x(v) = -174*v**2 + v - 2. Let h be x(2). Let w = 722 + h. Calculate the greatest common factor of 1274 and w.
26
Let a = 65608 - 65599. Let x(g) = -115*g - 6. Let b be x(-6). What is the highest common factor of b and a?
9
Let s = 13 - 7. Let q(y) = 56 + 52 - 129 + 8*y. Let b be q(s). What is the highest common divisor of b and 36?
9
Let m(r) = r**2 + 88*r + 953. Let v be m(-76). Calculate the greatest common divisor of v and 18983.
41
Let f = 3 - -60. Suppose -3*x + 123 = 4*p, 899*p - 5*x - 179 = 895*p. Calculate the highest common factor of f and p.
9
Let w = -5610 - -5661. What is the highest common divisor of w and 2108?
17
Let k be ((-33)/15 + 1)/((-68)/170). Suppose 0 = -9*r + 12*r - k, j - 3*r = 25. What is the greatest common factor of j and 12?
4
Let c = 352 + -121. Let n = c + -147. What is the greatest common factor of n and 42?
42
Suppose -245*q - 262 = -5*b - 241*q, b - 41 = -3*q. What is the greatest common factor of 7700 and b?
50
Suppose 10 = -21*i + 23*i. Suppose -292 = 3*c - q, -3*q + 2*q = 5*c + 492. Let a = -58 - c. What is the highest common divisor of i and a?
5
Let w(i) = -4*i**2 - 83*i + 4. Let j be w(-3). Calculate the highest common factor of j and 4805.
31
Suppose 1066 + 101 = 3*u. Suppose -605 = -5*l - 5*n + 3*n, u = 3*l - 4*n. Let w = -48 + l. What is the highest common divisor of 50 and w?
25
Let l be 269/((3 - 1) + -3) + -3. Let c = l - -504. Let z(i) = -i + 15. Let d be z(-14). Calculate the greatest common divisor of d and c.
29
Let w be (0 - 3) + 1680 + (-33 - -16). What is the highest common factor of 60 and w?
20
Let g(r) = 31*r + 1148. Let u be g(-37). Suppose 4 + 8 = 4*z. Calculate the greatest common factor of z and u.
1
Let g = 6 - 9. Suppose 4 = -4*b + 3*h - h, -h = -4. Let t be (b - -54) + g - -2. Calculate the greatest common factor of 6 and t.
6
Let r = -316 + 320. Suppose 736 = 2*j + p, -r*j = -2*j - p - 744. Calculate the highest common factor of 148 and j.
74
Let w(a) = 35 + 6*a + 26 - 6 - 11. Let p be w(-7). Suppose 0 = -2*o, -3*h + 78 = -p*h + o. Calculate the highest common divisor of 39 and h.
39
Suppose 0 = 5*n - 95*o + 99*o - 197647, 0 = 2*n + 5*o - 79086. What is the highest common factor of n and 11?
11
Suppose -16*q + 63 + 257 = 0. Let z(c) be the first derivative of c**2/2 + 9*c - 1. Let b be z(q). What is the greatest common divisor of b and 145?
29
Let j(x) = -x**3 + 32*x**2 - 63*x + 97. Let f be j(30). Let v = -464 - -877. Calculate the greatest common factor of f and v.
7
Let q be 11895/(-1220)*-4*14. Calculate the greatest common factor of q and 312.
78
Let p(b) = -9*b - 3*b - 18*b + b - 14. Let d be p(-7). Let r = d - 134. Calculate the highest common divisor of 5 and r.
5
Suppose h + 0*h = 5. Let s be 3 - (-1 - 64) - (h - 2). What is the greatest common factor of s and 26?
13
Let f = 92 - 81. Suppose o + f = 3*i, 3*i + 4*o + 26 = 6*i. Suppose 3 + 23 = i*v. What is the greatest common factor of v and 273?
13
Suppose 3*s - 2*f + 3874 = 0, -4*f - 8 + 16 = 0. Let u = s - -1842. Calculate the greatest common divisor of 69 and u.
69
Suppose -10*r + 613 + 87 = 0. Suppose -5*s + 2*j = -178, 5*s = 7*s - 2*j - r. Let b be (-8)/(1*2/(-3)). Calculate the greatest common factor of s and b.
12
Suppose -2*d - 1358 = -2*y, 675 = 3*y - 2*y - 5*d. Suppose -683*p + y*p = -990. Calculate the highest common divisor of p and 60.
30
Suppose 5*g + 40*c = 39*c + 252, 0 = -4*g + 3*c + 213. What is the highest common divisor of 4998 and g?
51
Let m = -4446 + 4838. What is the greatest common factor of m and 248?
8
Let r(y) = -75*y**3 + y**2 + 5*y + 3. Let q be r(-1). Let u = q + -46. Calculate the highest common divisor of 77 and u.
7
Suppose 0 = 8*m - 30 - 2. Suppose 15 = 4*l + l, -9 = s - m*l. Suppose -2*n = x - 6, -n = -2*x - s*x - 14. What is the greatest common factor of 44 and n?
4
Suppose -u + 1020 = 4*u. Suppose -4*i + 3*t = -612, -12*i + 8*i = -4*t - 612. What is the greatest common factor of i and u?
51
Let u = 8866 - 8858. Calculate the greatest common divisor of 32744 and u.
8
Let y = -1025 + 1340. What is the highest common factor of y and 225?
45
Let c = -186 - -193. Suppose -4*f + 5*x - 3 = 79, -5*f - 2*x - 86 = 0. Let i = -4 - f. What is the highest common divisor of i and c?
7
Let p = 5219 + -5127. What is the highest common factor of 4002 and p?
46
Suppose 24*u - 6*u = 33264. Calculate the highest common factor of 297 and u.
33
Let r be -8 + 661 + -10 + -4. What is the greatest common factor of r and 54?
9
Let d(b) = -18*b + 3*b + 16 - 27 - 24. Let g be d(16). Let c be (3 + 0)*g/(-15). Calculate the greatest common factor of c and 5.
5
Let s(g) = 221*g - 374. Let l be s(6). What is the greatest common divisor of 204 and l?
68
Suppose 4*c = -5*g + 1265, -g + 5*c + 69 = -155. Let y(v) = 9*v**3 + 72*v**2 - 10*v + 3. Let w be y(-8). What is the highest common factor of g and w?
83
Let b be -12*(-6 + (-4 - (-195)/20)). Suppose 4*m - 81 = 5*c, -5*m + 7*m = b*c + 43. Calculate the highest common divisor of 49 and m.
7
Suppose k + 3*x = -25 + 48, -3*k + 53 = x. What is the highest common divisor of 3349 and k?
17
Suppose d - 32 = -5*r - 9, 0 = 3*d + r - 13. Let w(t) = t + 7. Let a be w(0). Suppose -5 = -a*u + 2*u. Calculate the greatest common factor of d and u.
1
Suppose 0 = -4*n - 3*n + 462. Let c be n + (5 - 8/4). Suppose 0 = 5*h - h - 4, c = 2*d + 3*h. Calculate the highest common factor of d and 22.
11
